pose 21*m - 34 - 470 = 0. Calculate the greatest common factor of m and 8.
8
Let w be 83/4 - 8/(192/18). Let q = 50 - w. Let p = -10 - -20. What is the highest common factor of q and p?
10
Let f be ((-21)/6)/((-1)/12). Let n(d) = 5*d - 215. Let b be n(64). What is the greatest common divisor of b and f?
21
Let k = -316 + 362. Calculate the highest common factor of k and 299.
23
Let b = -29 + 34. Suppose -4*g - g + b = 0. Let d be ((-56)/24)/(g/(-108)). What is the greatest common divisor of d and 36?
36
Suppose -17*k + 2000 = 334. Calculate the greatest common factor of 539 and k.
49
Suppose 3*i = -g + 12, -g - 3*i + 5*i - 3 = 0. Let k = g - -1. Suppose h + 3 + 71 = 3*y, 0 = -k*h - 20. Calculate the greatest common divisor of 92 and y.
23
Let q be 1 + (2 + -3)*-37. Suppose 2*b = 50*v - 48*v - 142, -b + 5 = 0. What is the greatest common divisor of q and v?
38
Let f be (600/(-70))/(1/(-49)). Let y be 1*f/(-2 + 4). Calculate the greatest common divisor of 10 and y.
10
Suppose 9*n - 69 - 318 = 0. What is the greatest common divisor of n and 344?
43
Let h(v) = -v**3 - 2*v**2 - v - 5. Let a be h(-4). Suppose -5*d + 3*m + 1255 = 0, 348 = 5*d - 2*m - 902. What is the greatest common factor of a and d?
31
Let a = -490 - -500. What is the greatest common divisor of a and 890?
10
Let v be (-53)/(-2) - 9/(-18). Let x = 854 - 346. Suppose -5*y - 103 + x = 0. What is the highest common divisor of v and y?
27
Suppose 4*u - 3*x - 37 = 0, -54 = -5*u - 5*x + 1. Suppose 23*v + 402 = 517. What is the greatest common factor of v and u?
5
Suppose 0 = 6*j + 21 + 9. Let w be j/(-15)*(2 + 10). Calculate the greatest common factor of 36 and w.
4
Let a be (156/14)/(21/98). What is the greatest common factor of 65 and a?
13
Let f = -18 + 26. Let j = f - 5. Suppose 3*i + 0*d = d + 16, -j*i + 2*d + 17 = 0. Calculate the highest common factor of i and 40.
5
Suppose -3*i - s = -1532, 5*i - 1036 = 3*i + 3*s. What is the greatest common factor of i and 16?
16
Let w(q) = -6*q + 48. Let u be w(8). Suppose j = -u*j + 12. What is the greatest common factor of 132 and j?
12
Let n = 116 + -96. What is the highest common divisor of n and 8?
4
Let h(m) = -3*m**3 + 3*m**2 + 7*m - 1. Let o be h(-3). Suppose 0 = 5*a - 74 - o. Calculate the greatest common factor of a and 8.
8
Let n(b) be the third derivative of 1/60*b**5 + 0*b + b**2 - 5/2*b**3 + 0 + 1/8*b**4. Let a be n(7). Calculate the greatest common divisor of a and 22.
11
Let j be 2/(-6 + 10)*(6 - -2). Suppose -2*p - 96 = -5*p. What is the greatest common factor of p and j?
4
Suppose -12 = 16*l - 12*l. Let u be ((-4)/8)/(l/360). Calculate the greatest common factor of 24 and u.
12
Let x(w) = -w**3 + 28*w**2 - 29*w + 54. Let n be x(27). Suppose -h + 0 + 10 = n. Calculate the highest common factor of h and 40.
10
Let y be 2 - 0 - (-2)/5*5. Suppose y*m - 2*m - 625 = 5*z, z = -m + 316. What is the highest common factor of 63 and m?
63
Let v(k) = -11*k**3 + k**2. Let f(n) = 2*n - 7. Let w be f(3). Let r be v(w). Let o = 13 + 95. What is the greatest common divisor of o and r?
12
Let x(k) = -35*k + 349. Let m be x(8). Calculate the highest common divisor of m and 46.
23
Let r(q) = -q + 4. Let j be r(2). Let d be 4 - (-8 - (j + -1)). Calculate the highest common divisor of 39 and d.
13
Suppose 4*f - z - 9 = 0, 5*f + z - 15 = 3. Suppose -f = -4*x + 1. Let y be 6 + 24/14 + (-30)/(-105). What is the greatest common divisor of x and y?
1
Suppose 0 = c - 21 + 2. Let d(t) = -t**3 + 19*t**2 + 11. Let z be d(c). Suppose 0 = y - 4*y + 3. What is the highest common factor of z and y?
1
Let n = 2038 - 246. What is the greatest common factor of n and 14?
14
Let i(t) = -14*t + 124. Let n be i(8). What is the highest common divisor of 32 and n?
4
Let i(f) = 3*f**2 - 27*f - 41. Let l be i(-12). What is the highest common factor of 65 and l?
65
Let n be (67/(-4))/((-8)/(-32)). Let f = n + 115. Calculate the greatest common factor of 120 and f.
24
Let i be ((-117)/(-18))/(2/12). What is the greatest common factor of i and 299?
13
Suppose -3*w = 1 + 8, 3*w + 9 = 2*v. Suppose v = 5*k - 3*k - 32. Suppose 156 - k = 5*o. Calculate the highest common divisor of 70 and o.
14
Let d = 1846 + -1645. Calculate the greatest common divisor of 15 and d.
3
Let c = -500 - -941. Calculate the highest common factor of c and 9.
9
Suppose 4*h + 1 = -5*d, h - 29 = -3*d + 6*h. Suppose j + p - 4*p = 21, -9 = -2*j - 5*p. What is the greatest common factor of d and j?
3
Suppose -2*i - 4 = -5*c - 4*i, 0 = 2*i + 6. Let m(k) = -k**3 - 5*k**2 + 5*k - 2. Let r be m(-6). Calculate the highest common factor of c and r.
2
Let q be (18/(-4) + 4)/(5/(-30)). Let w(v) = -3*v**3 - 3*v**2 - 2*v - 1. Let o be w(-2). What is the greatest common divisor of q and o?
3
Let x(k) be the second derivative of -k**4/12 + 13*k**3/6 + 10*k**2 + k. Let g be x(13). What is the highest common factor of 20 and g?
20
Suppose 0 = -390*d + 387*d + 18. Calculate the highest common factor of d and 78.
6
Let j(p) = -p**3 + 5*p**2 + 13*p + 13. Let k be j(6). What is the greatest common factor of 1 and k?
1
Let r be 11/4 + -3 - 219/(-12). What is the greatest common factor of r and 144?
18
Let i be 447*(-2)/(-3) + (45 - 43). Calculate the highest common divisor of 75 and i.
75
Let p(s) = -36*s - 56 + 5*s - s**2 + 17*s + 15. Let c be p(-8). What is the greatest common divisor of c and 35?
7
Suppose -3*d = 4*m - 18 - 1, 0 = -d + 1. Suppose 0 = -m*b + 4 + 12. What is the highest common factor of b and 8?
4
Let k = 454 + -446. What is the highest common divisor of k and 40?
8
Suppose 2*i = -m + 5, 2*i - 4*m + 8 = 4*i. Suppose i*j = -x + 23, -3*x - x + 92 = -3*j. Calculate the greatest common factor of x and 115.
23
Let r be 154/(-35) + 5 + 994/10. Calculate the greatest common divisor of 4 and r.
4
Let p(b) = b**3 + 7*b**2 + 6. Let m be p(-7). Let s be (-80 + m)*1/2. Let x = 61 + s. Calculate the highest common divisor of 120 and x.
24
Let v = 204 + -193. What is the highest common divisor of 1 and v?
1
Suppose -15 = 15*z - 18*z. Suppose 4*y + 8 = -2*t, z*y + 31 = -2*t + 3*t. What is the greatest common divisor of t and 6?
6
Let u = 84 - 36. Calculate the highest common divisor of u and 60.
12
Let b(d) = 3*d**2. Let t be b(-1). Suppose -t*z + 30 = -96. What is the greatest common factor of z and 42?
42
Let m(g) = g**2 + 1. Let b(h) = -h**2 + 25*h. Let l(x) = b(x) - 3*m(x). Let a be l(6). What is the highest common factor of 5 and a?
1
Suppose -6*x + 4*t = -2*x - 1804, x - 5*t - 447 = 0. What is the greatest common factor of 4 and x?
4
Suppose 9*c = 20 - 2. Let g = -21 - -35. What is the greatest common factor of g and c?
2
Suppose -2*x = -x + t - 21, 0 = -t. Let n be (-8)/(-4) + 4 + 0. Suppose 7*c - n*c - 42 = 0. What is the highest common divisor of x and c?
21
Suppose 8 = -0*h + 4*h. Suppose 0 = -5*o + 10, -4*g + 30 = o - h*o. What is the greatest common factor of g and 24?
8
Let w(r) = r**3 - 4*r**2 + 7*r - 14. Let h be -2 - (-1 - -1 - 8). Let k be w(h). What is the highest common factor of k and 25?
25
Let y = -145 + 148. Calculate the highest common divisor of y and 39.
3
Suppose -2*p + 2*j + 82 = 0, -3*p + 2*p - 4*j = -61. Let n = p - 21. What is the greatest common divisor of n and 48?
24
Let h be 0 + -4 - ((-1 - -10) + -19). What is the greatest common factor of 6 and h?
6
Suppose -5*x = r - 305, -4*r = -2*x - 6*r + 130. Suppose p - 2*i - 27 = -i, -129 = -5*p + 3*i. Calculate the highest common factor of x and p.
12
Suppose 11*y - 90 = 5*y. Calculate the highest common divisor of y and 105.
15
Suppose -40*v = 88*v - 4186 + 346. Let y be ((-9)/(-2))/(3/20). What is the greatest common factor of v and y?
30
Let j = 110 + -96. Calculate the highest common factor of 7 and j.
7
Let d(c) = c**3 + 7*c**2 + 4*c - 3. Let y be d(-5). Let u(n) = -18*n**3. Let g be u(-1). Let w = 36 - g. Calculate the greatest common factor of w and y.
9
Let d be 215/45 + 2/9. Suppose -d*u = -o + 36 - 12, 4*o - 72 = -4*u. Calculate the highest common divisor of o and 209.
19
Suppose 0 = 5*i - 2 + 32. Let f be ((-18)/(-8))/(i/(-16)). Suppose 0 = 2*c - 36 + 6. Calculate the highest common factor of f and c.
3
Let f = -44 + 64. Suppose 0 = g - r, g - f = -0*g - 3*r. Suppose -36 = -3*b + 2*s, g*b + 3*s - 47 = 2*s. Calculate the greatest co